. Let d(n) = n**3 - 4*n**2 - n - 4. Let x be d(4). Give w(x).
-13
Let a(d) = -4*d**3 + d**2 - d. Let c be a(1). Let l(k) be the third derivative of -k**5/60 - 5*k**4/24 - k**3/3 + 4*k**2 + 22. Calculate l(c).
2
Let v(z) be the second derivative of -z**3/3 - z**2/2 - 5*z. Determine v(2).
-5
Let i be (-50)/(-18) - (-4)/18. Suppose -i*y + 5*y = 6. Suppose y*g = 6*g + 6. Let k(u) = u**2 + u - 2. Calculate k(g).
0
Let v(f) be the third derivative of f**8/6720 - f**7/840 - f**6/144 + f**5/60 + f**4/24 - 3*f**2. Let y(c) be the second derivative of v(c). Determine y(4).
-2
Suppose 0 = 4*u - 2*s - 6 + 24, -u - s - 3 = 0. Let d(h) be the second derivative of h**4/12 + 5*h**3/6 + 3*h**2 + 4*h. Give d(u).
2
Let b(m) = -3*m + 4*m + 0 - 2*m**3 - 1. Let u(j) = -j**2 - 6*j + 1. Suppose -3*q + 5*h = 38, -2*h = 3*q - h + 14. Let g be u(q). Calculate b(g).
-2
Let y be 2/(-5) - (-4)/10. Let r be 0 + y - (3 - 0). Let w(l) = -1 + 0 + 4*l + 2*l**2 + 2*l - 2*l. Determine w(r).
5
Let s(j) = j**3 + 2*j**2 - 2*j - 1. Let q = 59 - 57. Calculate s(q).
11
Suppose -5*d = -10, 4*l - 22 = -l + 4*d. Let a(z) = 3*z - 6. Let y(k) = -7*k + 12. Let x(g) = 5*a(g) + 2*y(g). Determine x(l).
0
Let p(b) = -b**2 + b - 13. Let d be (28/(-8))/((-2)/(-4)). Let y(f) = -4. Let j(a) = -a**2 + 6*a - 6. Let t be j(4). Let l(g) = d*y(g) + t*p(g). What is l(2)?
-2
Let j(z) be the first derivative of 1/3*z**3 - 6 - 4*z**2 + 4*z. Calculate j(6).
-8
Let a(h) = 6*h - 2. Suppose 0*q + 9 = -q. Let p(t) be the second derivative of -t**4/12 - 3*t**3/2 + t**2 - 2*t. Let i be p(q). Give a(i).
10
Let f(a) be the first derivative of -2*a**2 + 3*a + 3 - 1/3*a**3. Determine f(-4).
3
Let z(y) = -y**2 + 17*y - 21. Let d be z(16). Let b(u) = u**2 + 6*u + 4. Determine b(d).
-1
Suppose -h + 2 = 3. Let g(i) = -23*i**3 + 53*i**3 - i - 24*i**3 + 2*i + 1 - i**2. What is g(h)?
-7
Suppose 0 = 4*j + 2 + 6. Let k = j + 1. Let z(a) = 5*a**3 + a**2 + a + 1. Give z(k).
-4
Let k = 0 + 5. Let d be k/(5/(-3))*1. Let q(b) = -3*b - 2. Calculate q(d).
7
Let l(z) = 4*z + 7. Let g(f) = -5*f - 8. Let o(c) = 5*g(c) + 6*l(c). Give o(-6).
8
Let b(a) = a**2 + 8*a + 2. Let m be b(-8). Let l = m - 4. Let f(y) = -21*y. Let p(h) = -5*h. Let v(u) = -5*f(u) + 20*p(u). Give v(l).
-10
Let r = -6 + 8. Let p be r*3/6*0. Let z(g) = -g**3 - g**2 - 6. What is z(p)?
-6
Let l be 6/4 + 22/(-15). Let t(s) be the third derivative of 0 - 1/8*s**4 + l*s**5 + 0*s + 2/3*s**3 + 1/120*s**6 + 2*s**2. Calculate t(-3).
4
Let d(v) = -v**3 - 4*v**2 + 8*v + 6. Suppose -5*q - 4*k = -31, 3*k - 1 = 3*q + 2. Let l = q + -8. What is d(l)?
-9
Let r(f) = f**3 + 2*f**2 - f - 1. Let h be 1 - (-1)/((-1)/(-2)). Suppose q - 1 = -2*p, -h*q + 5 = 5*p - 0. Give r(p).
1
Let d(q) = 2*q**2 - 2*q + 6. Suppose 3*w = -2*w - 20, 4*y - 2*w = 12. Let k(b) = -b**2 + 1. Let g(h) = y*d(h) - 5*k(h). Let f = -12 + 13. Calculate g(f).
6
Let p be 1*(3 - 1 - 5). Let k = -1 - p. Let z(h) = k*h + 2*h - 5*h - 1 + 9*h**3. What is z(-1)?
-9
Let q = 10 + -13. Let g be (10/(-3))/(2/q). Let z(w) = -g*w - 5*w + 3*w - 1 + 0*w. What is z(-2)?
13
Let z be 2/(-3)*(-18)/4. Let u(f) = -2*f + f + 2*f. Calculate u(z).
3
Let i = 3 - 1. Let z(j) = -10*j + 6. Let v(t) = -5*t + 3. Let w(o) = -9*v(o) + 4*z(o). Give w(i).
7
Let p(y) = 2*y**2 + 11 + 0*y**2 + 2 - y**2. Determine p(0).
13
Let j(q) be the first derivative of -q**4/2 - 4*q**3/3 - 3*q**2/2 - 2*q - 2. Suppose -a = -3*a - 5*f + 6, a + 10 = 4*f. Give j(a).
4
Let u(w) = -w**3 + 5*w**2 + 2*w + 5*w**3 - 5*w**3. Let j be 9/(-15) + 112/(-5). Let z = 28 + j. Calculate u(z).
10
Let n(u) be the first derivative of -3/4*u**4 + 1 + 0*u**2 + 0*u - 1/3*u**3. Suppose -f + 0*f - 1 = 0. Give n(f).
2
Let s(h) be the third derivative of -h**4/24 - 5*h**3/6 + 8*h**2. Determine s(0).
-5
Let y(u) be the first derivative of u**3/3 - 3*u**2 + 3*u - 1. Suppose 5*w + 24 = 44. Calculate y(w).
-5
Let s(z) = -3 + 0*z + z + 0 + 8. Suppose 9*a + 45 = 4*a. Let l = a - -5. Calculate s(l).
1
Let c(x) = -x + 7. Let d be c(0). Let f(m) = 3*m**2 - m**3 + 2*m**2 - d*m**2 - 2. Suppose 4*k = -3*z - 4 + 2, -4*k - 5*z + 2 = 0. What is f(k)?
-2
Let b(o) be the first derivative of -1/12*o**4 + 0*o**2 + 0*o + 2 + 1/360*o**6 - 2/3*o**3 - 1/24*o**5. Let h(l) be the third derivative of b(l). What is h(5)?
-2
Let f be (-6)/(-18) + (-16)/3. Let m = -3 - -4. Let x(c) = c + m - 2 + 5. What is x(f)?
-1
Suppose -2*o + 6*o = -x, 2*x = 2*o. Let l(u) = -7 + 4 + o + 8*u + 4. What is l(1)?
9
Let d(q) = -2*q**3 - 3*q**2 - 3*q - 2. Let b(m) = -m**2 - m. Let w(p) = 7*p**2 + p + 2. Let k(c) = -5*b(c) - w(c). Let t be k(2). Calculate d(t).
8
Let w(c) = -c**2 - 4*c - 5. Let s = 95 + -102. What is w(s)?
-26
Let r be (-8)/(-3)*12/8. Let d(s) = 7 - s**2 + s - s + r*s. Calculate d(6).
-5
Let m(w) = -2*w - 9. Let x be m(-7). Let n(a) = -4*a**2 + 7*a - 7. Let h(f) = 11*f**2 - 21*f + 20. Let k = 9 + -1. Let s(z) = k*n(z) + 3*h(z). What is s(x)?
-6
Let h be 7/(-35) - (-26)/5. Let l(d) = -4*d + 6. Determine l(h).
-14
Let i(p) = 6 + p**3 - 5 - 3 - 10*p - 3 - 9*p**2. Give i(10).
-5
Let i(q) = 4*q + 4*q - 4*q + 3. Determine i(-3).
-9
Suppose 5*h = 25, -5*n - 2*h + 0*h = 0. Let d be (-35)/(-7) + 1 + n. Let c(b) = -b**3 + 4*b**2 - b + 1. Calculate c(d).
-3
Let a(k) be the third derivative of k**4/24 + k**3/2 + 8*k**2. Let i(y) = -2*y - 6. Let x(l) = -10*a(l) - 4*i(l). What is x(-4)?
2
Let q(n) = 2*n**2 + 4*n. Let f be q(-2). Let c(k) = k**2 + k + 16. Calculate c(f).
16
Let i(l) = 4*l**2 + 7*l - l**3 - 6*l + 0*l. Let y = 6 - 7. Let p = 5 + y. Calculate i(p).
4
Let n(u) = -2*u**2 + u - 1. Let x(h) = -h**2 + 7*h - 10. Let g be (5/(-2) + 2)*-8. Let b be x(g). Calculate n(b).
-7
Suppose 72 = 3*q + q. Suppose -j + 5*d - 1 = 20, q = 2*j + 2*d. Suppose -5 = a + 2*c + 9, 0 = -2*a + 4*c + j. Let u(v) = v**2 + 5*v + 3. Give u(a).
9
Let x(u) = -3*u - 2. Let y = -1 - 1. Determine x(y).
4
Let h = 5 + -2. Let k(y) = -y**h - 3*y**2 + 2*y + 3 - 3 + 3. Let j = -4 - 0. Determine k(j).
11
Let b(v) = v + 8. Let w(h) = -h - 8. Let c(x) = 3*b(x) + 2*w(x). Calculate c(0).
8
Let p be 12/27*(-18)/(-4). Let d(q) = 1 - 4*q**2 - q**2 - q**p - 2. What is d(1)?
-7
Let b(v) be the third derivative of -1/6*v**3 + 1/120*v**6 + 1/20*v**5 + v**2 + 0*v + 0 - 1/24*v**4. Suppose 4*d - 19 = -31. Determine b(d).
2
Let f = -5 - -5. Let y(k) = -k**3 + k**2 + k - 4. Calculate y(f).
-4
Let j(b) = b + 15. Let s(u) = u + 16. Let l(r) = 7*j(r) - 6*s(r). Suppose 0 = -i - 9*i. What is l(i)?
9
Suppose 9 = 4*d + 1. Let b(h) = 9*h + h - 11*h. Calculate b(d).
-2
Let c(n) = n**3 + 2*n**2 - 1. Let v(b) = -b + 2 - 2*b + b - b + 2*b**2 - b**3. Let t be v(2). Let d = t + 5. Calculate c(d).
2
Suppose 5*p + n - 30 = -3*n, 0 = -4*p - n + 13. Let z(l) = -4*l**p + 5*l**2 + 0 + 10. What is z(0)?
10
Let r = 6 - 4. Suppose -s - 14 = -4*v, 0 = 4*s + 3*v - 1. Let a = r + s. Let c(w) = w**2 - 5. What is c(a)?
-5
Let w(c) = c**2 - 4*c + 2. Let f(j) = -j**2 - j + 1. Let q(i) = 2*f(i) - w(i). Calculate q(-2).
-16
Let z(b) be the second derivative of b**4/12 - 4*b**3/3 + b**2 + 29*b. Determine z(6).
-10
Let m(p) = p - 7. Let u be m(7). Let i(v) be the first derivative of u*v**2 - 1/3*v**3 + v - 1. Give i(-1).
0
Let i be 0 + (3 - (-16)/(-4)). Let w(p) = 12*p - 1. Calculate w(i).
-13
Let g = 3 + 4. Let m = g - 4. Suppose 0*z = m*z. Let n(x) = -x**2 - x + 5. Calculate n(z).
5
Let g(c) = -c + 4. Suppose 11 = -2*q - 7. Let u be 26/10 - q/(-15). Calculate g(u).
2
Let n(u) = -u**2 - 7*u + 9. Suppose 0 = -5*l + l + 24. Let p(f) = -2*f**2 - 15*f + 19. Let j(w) = l*p(w) - 13*n(w). Calculate j(-3).
3
Suppose 19 = 5*i - 26. Let n(s) = -s**2 + 8*s - 2. Determine n(i).
-11
Let t be 2 - (0 + 10)/2. Let q(w) = 4*w + 37. Let v(b) = -b**2 + 6*b - 7. Let j be v(5). Let l(c) = c + 9. Let g(h) = j*q(h) + 9*l(h). Give g(t).
4
Suppose -36*g + 43*g + 14 = 0. Let l(p) = p**3 - p**2 - p + 2. Calculate l(g).
-8
Let b = 32 + -18. Let r(p) = 9*p - 5 - b*p + 6*p - 1. Give r(5).
-1
Let y(c) = c**3 + c**2 + c - 1. Let d(s) = 5*s**3 + 7*s**2 + 2*s - 1. Let g(w) = d(w) - 4*y(w). Let f be (3/(-1))/((-18)/(-24)). Calculate g(f).
-5
Let d(g) = -g**3 - 8*g**2 - 8*g - 1. Let f be d(-7). Let z(n) = n**2 - 2*n - 3*n - 2*n + f. Let i(l) = l**2 - l - 26. Let r be i(-5). Determine z(r).
-6
Let b(h) = 7*h + 1. Let d be b(-1). Let q(u) = -u**3 - 5*u**